4 - (21 + -7)) + (7 - -1)?
8
147 - 151 - (-12 + 0)
8
Evaluate (-10 - -12) + 0 + -1 - 2.
-1
Calculate -2 + -10 - -1 - -13.
2
Calculate -3 + (3 - (4 - 2)).
-2
-17 + 21 + (1 - 12)
-7
Calculate 12 - (28 + -9 + -4).
-3
-66 + 57 + 3 + 0 - 4
-10
Calculate -1 + (2 + 0 - 3) + 1.
-1
-1 + 0 + 3 + (-1 - -1)
2
Calculate 0 - 7 - (2 - 11 - -10).
-8
What is the value of (-1 - -1) + 5 + -4?
1
Calculate (4 - -2) + -2 + 19 + -20.
3
Calculate -1 + -2 + 1 + 1 - -6.
5
What is -7 - (-8 + 5) - (2 - 6)?
0
Calculate 0 - -1 - (-12 - -8).
5
Calculate 8 + -6 + (12 - 6) + -8.
0
What is -2 + 0 - (-7 + 9)?
-4
1 - (-4 + 6 + (2 - 1))
-2
Evaluate -8 - (3 + -2 + -4).
-5
What is the value of (-1 - -2) + (-63 - -70)?
8
Calculate 1 + (6 - 6 - 0) + 1.
2
-23 - (-42 - -27) - (1 + -4)
-5
Calculate 8 - (-14 + 16) - (5 + 1).
0
What is -3 + -2 + (5 - (-8 + 6))?
2
Evaluate 1 + (3 + -1 - 1 - -1).
3
(11 - -3) + -8 - 5
1
What is (11 - 5) + -4 - (-1 + 2)?
1
-24 - (-1 + -7) - -11
-5
Evaluate 2 - (-1 - 7) - 5.
5
-1 + (-2 + 1 - -1)
-1
What is the value of -6 + 4 - (-10 + 4)?
4
Calculate -7 + 0 - (-1 + -1 + -1).
-4
2 - (-6 - (-5 + -3))
0
What is 3 + (1 + 6 - (-14 - -19))?
5
What is (-8 - (8 + -22)) + -6?
0
-4 - (2 - ((4 - 3) + 2))
-3
Calculate 4 + -11 + -5 + 9.
-3
What is the value of -3 + (2 - 2) - (-19 + 17)?
-1
What is -3 - (1 + -7 - -4 - -5)?
-6
2 + (-4 - 0) + 2
0
What is -5 - (10 + -5 - 5)?
-5
What is -7 - (5 + 3 - (1 + 18))?
4
Calculate -8 - (-6 - 3 - -7) - -6.
0
Evaluate 2 + 7 + -19 - -18.
8
Calculate 19 - 16 - (4 + 2 + -3).
0
Evaluate 4 - (2 - -4) - (-3 - 1).
2
0 + -1 + -41 + 44
2
Calculate 1 + 1 + 1 + (-17 - -12).
-2
-2 + (7 - 13 - -11)
3
0 + 1 - (1 + -7 + 3)
4
What is -32 - -44 - (26 + -3)?
-11
6 - ((-2 - -4) + 9)
-5
Calculate -1 - (2 - 9 - (-8 + 2)).
0
What is -1 + -1 + (8 + -10 - -5)?
1
What is -8 - (2 + -7) - 3?
-6
What is (17 - 12) + -1 + (-9 - 1)?
-6
Calculate 1 - (0 + 0 - -4).
-3
What is the value of (-11 + 9 + -4 - -4) + -1?
-3
Evaluate -3 - (-1 + 2 + -4 + -2).
2
Calculate 4 + (11 - 16) + -4.
-5
Calculate 2 - -1 - (0 + 4).
-1
-3 - (6 + -9 - 4)
4
Evaluate -5 + 7 + -7 + 1.
-4
Evaluate (-19 - (-21 - 0)) + -4 + 0.
-2
Calculate 6 + -7 - (3 - 0).
-4
What is -7 - (8 + (7 + -21 - -7))?
-8
What is the value of 2 + -1 + 1 + (3 - 0)?
5
What is the value of 3 + 1 + -3 + 4 + -2?
3
What is the value of 2 + 1 - (11 + -5)?
-3
Evaluate 5 - (2 + 2 + 0).
1
20 + -19 + (1 - -5) - 3
4
8 - 0 - 3 - 12
-7
What is the value of 8 + (-9 - -5) - (-1 - -6)?
-1
What is the value of -2 + 3 + (-6 - (-5 + 2))?
-2
What is 2 + (12 + -10 - (-1 + 1))?
4
10 - ((-4 - -10) + -5 - -4)
5
What is -2 + -7 + -1 + 7?
-3
What is -4 - -2 - (8 + (-12 - -8))?
-6
Evaluate 2 + (-9 - (5 + -10)).
-2
3 + 0 - (-2 - -10)
-5
Evaluate 0 - -1 - (5 - (13 - 11)).
-2
-2 + 4 + 16 + -6 - 4
8
Evaluate (3 + -7 - (-2 - 1)) + 4.
3
Evaluate (2 - 0) + (-5 - -6).
3
What is the value of (-1 - (-2 - 3)) + 33 + -35?
2
Calculate -3 - (3 - (8 + 3)).
5
-3 + 15 + (-25 - -9)
-4
Calculate -3 + (-3 - (-2 - 0)).
-4
What is the value of 2 + -8 + -2 + 4?
-4
Evaluate 0 + 1 + -1 + (3 - 2).
1
What is the value of -1 - (-1 + -7 + 1 + 3)?
3
What is the value of (0 - -2) + 2 + (-22 - -16)?
-2
Calculate 2 + (1 - 7) + -1.
-5
What is the value of -14 + 19 + (-1 - -1)?
5
Evaluate 4 + (5 + -1 - 4).
4
Evaluate -1 - ((-9 - -13) + -2).
-3
What is the value of -3 + (4 + (-5 - -4) - -4)?
4
4 + -2 + (3 - 9)
-4
What is the value of (6 - (-11 + 8)) + -6?
3
Calculate 1 + -7 - (120 - 123).
-3
-6 - 5 - (1 + -10)
-2
(-3 - 1) + 6 - (-1 - -7)
-4
What is 7 + -13 + -3 - -9?
0
What is 4 - (2 + -5 + 7 - 1)?
1
What is the value of -6 - ((-5 - -4) + -3) - 0?
-2
5 - (3 + 0) - -3
5
What is 4 + 0 + (-7 + 2 - 3)?
-4
Calculate 3 - (-8 + (-1 - 0) + 5).
7
Evaluate -5 - (44 + -41 - (15 + -1)).
6
What is 4 + (-6 - -3) - -2?
3
What is (1 - 0) + 1 - (12 - 6)?
-4
What is -1 + 5 + 18 + -18?
4
Evaluate -3 - (-3 - 2 - -4).
-2
What is the value of 1 + 4 - (5 + (8 - 9))?
1
Calculate (6 - 4) + (5 - 6).
1
Evaluate 1 - 1 - (-2 - 1).
3
Calculate 0 + 0 - (1 + 1 - 5).
3
0 + -1 + (0 - -2) + -5
-4
What is 30 - 29 - (0 - (2 + 0))?
3
(15 - 17) + -2 + 1
-3
What is the value of (-3 - (7 + -16)) + -4 + -2?
0
Evaluate (2 - 12) + 2 + (-3 - -2).
-9
What is -6 + (-6 - -12) - 5?
-5
Calculate -1 + (9 - 4) + (1 - 0).
5
What is 2 - 14 - (6 + (3 - 13))?
-8
Evaluate (10 - 35) + 10 + 9.
-6
What is the value of 3 + 0 + 1 + -7 + 5?
2
What is the value of 10 + -6 - (5 - -5)?
-6
0 - (-11 + 2 + 12)
-3
What is 0 - (4 - 3) - (12 + -8)?
-5
What is the value of -4 + (3 - 5) + (-3 - -6)?
-3
0 - 6 - -2 - (-3 + 4)
-5
Evaluate (-6 - -3) + 3 - 0.
0
What is -1 + -1 + 0 + 2 + 0?
0
What is the value of -1 - (2 + -1 + 3 + -1)?
-4
Evaluate 5 - (5 + -6) - 1.
5
What is -15 - 0 - (-199 + 193)?
-9
0 - (14 + -6 + -6)
-2
What is -5 + (14 + -6 - (5 - 0))?
-2
Calculate (1 - -4) + 3 + -4 - 5.
-1
What is the value of 9 + (13 - 31) - -9?
0
What is the value of -12 + (-7 - -5) + 6?
-8
What is 18 - (-3 - -8) - (0 - -3)?
10
Evaluate (-3 - 2) + 3 - 3.
-5
2 - (4 - (4 + -6))
-4
Calculate (-7 - 2) + (14 - 9).
-4
What is -6 - -6 - (-1 + -1 + 7)?
-5
Evaluate 8 + -1 + -8 + -4.
-5
What is the value of 6 - (0 + 2) - (85 + -81)?
0
What is 0 - (7 + -3 + -4)?
0
What is 4 + 4 + 7 + -19?
-4
2 - ((-3 - 0) + 6)
-1
0 + 13 + (-14 - 0)
-1
6 - (-4 + (1 - 1) - -3)
7
4 + 0 + -4 + 4
4
Calculate 0 + 1 + -1 + 1.
1
Calculate -9 - (-15 + 14 + -5).
-3
-2 - (-12 + (-8 - -13) + 4)
1
What is the value of -4 - (3 - (24 + -6 - 4))?
7
What is the value of (9 - 6) + -6 - 4?
-7
Evaluate 0 - (-8 - -4) - -1.
5
What is (32 - 23) + -6 + 5?
8
What is the value of (-11 - 0) + (6 - (2 + -3))?
-4
What is the value of -4 + (8 - 9) - -5?
0
Calculate 13 - (-6 - -8 - -9).
2
What is the value of -4 + (7 - (1 - -7))?
-5
-1 + -1 + 1 + -2 + 6
3
Calculate -7 - ((-9 - -10) + 1 + -4).
-5
What is the value of -4 - -6 - 4 - 1?
-3
What is the value of (1 - -1) + (17 - 14) + -2?
3
Calculate -4 - (-7 + 14) - -10.
-1
0 + (0 - 2) + 1 - -5
4
What is the value of (0 - (-5 + 7 + 0)) + -4?
-6
What is -5 - (3 + -6 + 5 + -11)?
4
What is -1 + 2 + -13 + 6 + 5?
-1
Calculate 0 + (-2 - (-9 - -1)) - 2.
4
Evaluate -7 + (-2 - (3 - 5)) + 7.
0
Evaluate (39 - 30) + (-7 - 4).
-2
(3 - 4) + -1 - -5
3
-5 - (-3 + 7) - -7
-2
1 - -5 - (3 + -2)
5
-1 + 1 + (13 - -1) + -10
4
Evaluate 6 + (-4 - (9 - (-4 - -5))).
-6
Evaluate 8 + 4 + (3 - 22).
-7
Evaluate 2 - (-5 + -2 + 0 - -5).
4
-2 - (-2 + -4 + 2)
2
Calculate (0 - 3) + (64 - 57).
4
Calculate -13 - (2 + -3 + (-13 - -8)).
-7
0 + -5 + 0 + 4
-1
Evaluate 6 + (-5 - 5) + (5 - 1).
0
(4 + -11 - -4) + 2
-1
Calculate -5 + 1 - (-2 - (1 - -4)).
3
-1 + -2 + 6 + -7
-4
Calculate 7 + -6 + 9 + -2 - -3.
11
(-8 - (-4 + 6)) + 3
-7
Calculate 0 - 1 - (-1 + -29 + 23).
6
Evaluate (-2 - (-1 + -8 + 4)) + 0.
3
Evaluate 1 + (-12 - -2) + 1 + 3.
-5
What is the value of -7 + 5 + (-4 - -5)?
-1
-5 + 1 - (16 + (-20 - -7))
-7
What is the value of 5 + (1 - (8 - 1))?
-1
What is the value of 1 + -5 + (2 + -4 - -3)?
-3
What is the value of -4 + 1 + 1 - (7 + -9)?
0
What is -4 - -2 - 1 - (0 + -8)?
5
Calculate 30 - 30 - (0 - 4).
4
What is (-2 - -4) + -2 - 4?
-4
Calculate 2 - 1 - (19 - 21).
3
Calculate (13 - 8) + -12 - 0.
-7
What is 9 + -22 + 12 + 3?
2
What is the value of -2 + -1 + -1 + (-10 - -10)?
-4
Calculate (-6 + -2 - -3 - -1) + 9.
5
What is the value of (5 - 3 - 5) + -1 + 0?
-4
Evaluate -2 - (0 + 2) - (2 + -4).
-2
What is (6 - (6 - -1)) + 3?
2
What is the value of (0 - -4) + -21 + 21?
4
What is -8 - (4 + -8 + 3 - 17)?
10
0 - (-9 + (11 - 5))
3
What is the value of (10 - 2) + -13 + 8?
3
What is (10 - (4 - 3)) + -7?
2
What is the value of -4 - (0 + (-4 - -5) + -4)?
-1
-10 - (-9 - (-5 + 1))
-5
What is 3 + -2 + 1 + 0?
2
Evaluate -3 + -3 + 0 + 11 + -12.
-7
Evaluate -6 + 3 - (-9 + 4).
2
What is the value of -3 - (-9 - (-12 - -12))?
6
Evaluate (-7 - (-17 - 5)) + -9.
6
Calculate (4 - (1 - -2)) + (4 - 9).
-4
-2 - (-2 + (3 - (9 - 5)))
1
What is 3 + 5 + -8 + -2?
-2
What is 1 + (3 - 1) - (5 - -3)?
-5
-4 - (-1 - (8 + -4))
1
Evaluate 0 - (-3 + 2 - 0) - 4.
-3
-2 - (2 + 6 + 0 + -5)
-5
Calculate (5 - (-4 + 14)) + 3.
-2
1 - (-13 + 9) - (-2 - -1)
6
What is the value of -1 + 3 + 4 + -7 - 2?
-3
What is the value of -5 - (-4 - (5 - 7))?
-3
What is (8 + -1 - 1) + (-1 - 1)?
4
What is the value of (2 - (-5 + 10)) + 1?
-2
Evaluate (-1 - 3) + 17 + -18.
-5
5 + (-6 -